a083 (base 11) to base 14.
16d019
Convert -110101101000100100110 (base 2) to base 7.
-20636562
172450 (base 9) to base 7
623244
What is -462369 (base 15) in base 8?
-14614446
-2316644 (base 7) to base 9
-482442
Convert -45363c (base 13) to base 4.
-12033110301
What is 511833 (base 10) in base 11?
31a603
267012 (base 8) to base 11
64448
What is 24213424 (base 7) in base 8?
10160674
Convert 51467 (base 13) to base 11.
9a572
Convert -122010210220011 (base 3) to base 5.
-4313001012
What is 1b1138 (base 13) in base 3?
1021221120221
What is -7d38 (base 15) in base 13?
-c155
-1011102020001212 (base 3) to base 4
-333230010320
6222082 (base 10) to base 13
139b109
-32b86 (base 13) to base 16
-1678e
What is -102110021011 (base 3) in base 5?
-24203304
-3c341 (base 15) to base 12
-93907
Convert -10111111000011101 (base 2) to base 10.
-97821
Convert 3b141 (base 12) to base 11.
56189
What is 223006 (base 10) in base 16?
3671e
What is -89984 (base 10) in base 7?
-523226
Convert 2154414 (base 6) to base 11.
74645
What is -100120001210 (base 3) in base 10?
-188130
Convert 4db1e (base 16) to base 2.
1001101101100011110
353507 (base 8) to base 5
12330042
-64244 (base 10) to base 3
-10021010102
-342d26 (base 14) to base 10
-1775206
Convert 3438411 (base 9) to base 16.
1c5370
278521 (base 14) to base 12
55b481
What is -291ba (base 13) in base 10?
-77217
What is 128656 (base 11) in base 12?
98920
-22113202310 (base 4) to base 15
-38a46b
354468 (base 9) to base 12
a34b2
What is -101000111011000000 (base 2) in base 12?
-81000
What is -42511403 (base 6) in base 11?
-786932
-24ba5d (base 14) to base 6
-43012243
1708713 (base 10) to base 2
110100001001010101001
Convert 30a342 (base 11) to base 5.
111344442
Convert 81695 (base 12) to base 10.
168593
46bab1 (base 15) to base 7
40510351
Convert -24234355 (base 6) to base 7.
-6342662
-1ff91 (base 16) to base 9
-218572
Convert 230203233 (base 4) to base 12.
89753
What is 3032132333 (base 4) in base 5?
204031014
Convert 7526212 (base 9) to base 6.
222235145
What is 23123033310 (base 4) in base 3?
12122011121220
-11144402 (base 5) to base 13
-36677
-103200141 (base 5) to base 6
-13302340
Convert 207830 (base 11) to base 2.
1010001001010000100
-1131114 (base 9) to base 16
-952b4
1a8709 (base 16) to base 9
3238702
-123782 (base 9) to base 7
-431441
-205098 (base 13) to base 9
-1367780
What is 5061010 (base 7) in base 13?
181609
Convert 121310021 (base 6) to base 8.
10641175
Convert 36938 (base 15) to base 6.
3422255
What is 313001020 (base 4) in base 13?
7b75a
133200111 (base 4) to base 7
1045140
101001111100011101011 (base 2) to base 9
2524338
Convert -3149949 (base 10) to base 14.
-5bdd25
3686523 (base 9) to base 3
10202220120210
What is -857061 (base 9) in base 14?
-d3dbd
Convert -5c41a (base 16) to base 14.
-9b9d8
What is 5750605 (base 8) in base 15?
20c795
Convert -2903d (base 16) to base 11.
-105245
110101111010101011 (base 2) to base 6
4422231
What is 110001201020 (base 3) in base 9?
401636
2b8d2d (base 15) to base 7
23616520
-3707870 (base 12) to base 3
-202011021121210
What is 48069 (base 14) in base 13?
61c91
Convert -17072 (base 15) to base 16.
-12275
What is -4acc1 (base 13) in base 10?
-138399
300203b (base 12) to base 15
bc03a5
Convert -663546 (base 7) to base 5.
-12212211
What is 4541106 (base 7) in base 10?
564633
-881178 (base 12) to base 8
-10167654
Convert 2648502 (base 9) to base 5.
332342114
What is -3257740 (base 13) in base 3?
-1001221111201201
Convert 7736110 (base 10) to base 11.
4404288
Convert -212831 (base 16) to base 2.
-1000010010100000110001
What is 10110010110001000110 (base 2) in base 12?
2b38b2
1637338 (base 9) to base 12
37b0bb
521443 (base 7) to base 12
438a7
-75330 (base 13) to base 16
-33a02
What is 40216 (base 9) in base 2?
110011100110101
What is -2183115 (base 11) in base 9?
-7170448
70263 (base 9) to base 4
23101002
What is -14301135 (base 6) in base 8?
-1675263
Convert 305575 (base 9) to base 6.
3515105
What is -10113001 (base 4) in base 15?
-5457
Convert -4d6398 (base 15) to base 14.
-6ca6a1
Convert -59603 (base 12) to base 8.
-352443
57bed (base 15) to base 9
465287
39910 (base 13) to base 11
73424
What is -4716442 (base 10) in base 3?
-22212121202001
1a583a (base 11) to base 2
1001100111011110111
-751125a (base 11) to base 2
-110010011100001000111101
100120102102110 (base 3) to base 12
1853726
Convert 105102310 (base 6) to base 13.
523620
-2304340220 (base 5) to base 15
-6bba40
Convert -11436b8 (base 12) to base 10.
-3323948
What is 170a0 (base 12) in base 14?
c01a
3d2d (base 16) to base 10
15661
Convert -300010120 (base 4) to base 14.
-51a76
What is 15793 (base 16) in base 9?
143577
What is -2362074 (base 8) in base 15?
-cc11c
What is 21130440 (base 5) in base 4?
223031203
36267630 (base 8) to base 3
112222022220110
What is 101100101100111 (base 2) in base 8?
54547
-200061 (base 9) to base 5
-12240103
What is 140049 (base 12) in base 14?
88d05
What is -66b3a (base 12) in base 9?
-227111
What is -5a0018 (base 11) in base 7?
-11042406
-b5a2 (base 13) to base 4
-12020320
What is 17a695 (base 11) in base 3?
112002220101
What is 120200200102 (base 3) in base 13?
aa77a
What is -155a80 (base 11) in base 16?
-3b221
What is 100130333100 (base 4) in base 7?
51442314
Convert 1111001002021 (base 3) to base 5.
200204420
41401043 (base 5) to base 16
53325
Convert -133031013333 (base 4) to base 14.
-112d1b9
-14d2c4 (base 14) to base 6
-23333032
954439 (base 11) to base 10
1528514
What is 1bfefb (base 16) in base 13?
4c3165
Convert -158967 (base 11) to base 13.
-88002
-1091b1 (base 13) to base 3
-201212212112
What is -23130310033 (base 4) in base 3?
-12122111102221
Convert 2b75 (base 13) to base 16.
18cd
Convert 4200220 (base 5) to base 4.
100303022
What is -1111000001010101010110 (base 2) in base 4?
-33001111112
Convert -10010101010111010100101 (base 2) to base 8.
-22527245
-326591 (base 11) to base 5
-113134001
Convert 200100100000 (base 3) to base 6.
11423430
Convert 560994 (base 10) to base 14.
108630
What is 88283 (base 11) in base 7?
1042332
What is 7560 (base 12) in base 15?
3c43
Convert 327d5f (base 16) to base 11.
1960027
Convert 201815 (base 15) to base 11.
950a65
Convert -30dede (base 15) to base 8.
-10675557
What is -6726880 (base 9) in base 12?
-1267039
db13 (base 15) to base 11
31923
What is 41534 (base 12) in base 7?
504034
Convert 33212310012 (base 4) to base 12.
1453686
16c1d1 (base 15) to base 7
12245536
-8831783 (base 9) to base 8
-22063416
1000001001000001 (base 2) to base 11
23064
-2619532 (base 12) to base 16
-7278b6
Convert 31cd5 (base 14) to base 16.
1d6d3
Convert -8112435 (base 9) to base 6.
-232323052
-555004 (base 8) to base 11
-118455
Convert 303230122 (base 4) to base 2.
110011101100011010
Convert -306702 (base 8) to base 13.
-3746a
-27707006 (base 9) to base 7
-224325513
What is -2075d (base 15) in base 3?
-12020011121
200acb (base 16) to base 5
1014144130
What is -676446 (base 8) in base 9?
-377571
Convert 24344303 (base 5) to base 6.
4542215
Convert 190cb9 (base 13) to base 11.
3a07a2
Convert 101111100111111100000 (base 2) to base 9.
2837587
11577322 (base 8) to base 10
2555602
Convert 7b52b9 (base 12) to base 13.
5439cc
3020123130 (base 4) to base 11
510884
What is -22033131002 (base 4) in base 3?
-12001101202202
Convert -2351262 (base 7) to base 2.
-1001000110011100001
What is 4735539 (base 11) in base 8?
37416172
-23678d (base 15) to base 2
-110011101001110100111
What is 308565 (base 13) in base 12?
467393
11100101010010110100 (base 2) to base 14
1a63ac
-7342702 (base 9) to base 8
-16763001
Convert 11012202001 (base 3) to base 5.
10123133
What is 36405515 (base 7) in base 13?
898460
What is -100131 (base 10) in base 9?
-162316
1063486 (base 9) to base 10
573396
-1001110110111000000 (base 2) to base 13
-b403a
What is 202659 (base 10) in base 11?
129296
Convert b3e8 (base 16) to base 11.
3166a
Convert -20c83a1 (base 14) to base 2.
-111011010010100111011001
What is 84a9b (base 12) in base 2?
101010100100010111
100010000011000110111 (base 2) to base 13
300aa4
What is -192a617 (base 11) in base 8?
-14347544
Convert 10111010010101011011 (base 2) to base 6.
24205243
315919 (base 11) to base 8
1733326
Convert 2421002 (base 5) to base 6.
544531
What is 111911 (base 11)